0
Let g(c) = 1008*c - 11159. Determine g(5).
-6119
Let j(k) = 74291*k - 2451600. Give j(33).
3
Let v(i) = -80*i**2 - 2417*i - 11916. What is v(-6)?
-294
Let g(y) = 5*y**2 + 217*y + 19. What is g(-44)?
151
Let g(z) = -4*z**2 - 1338*z + 196693. What is g(-445)?
3
Let y(a) = 3196*a - 86286. What is y(27)?
6
Let z(w) = 296*w**3 + 165760*w**2 + 7*w + 3919. Calculate z(-560).
-1
Let m(w) = -39155*w - 783132. Give m(-20).
-32
Let o(p) = 20270*p - 141929. Give o(7).
-39
Let m(u) = -4*u**3 + 513*u**2 - 151*u + 3698. Give m(128).
754
Let x(t) = -21*t + 820. Determine x(14).
526
Let n(t) = 323*t**2 + 7826*t - 7824. What is n(1)?
325
Let g(p) = -1130*p - 109640. What is g(-97)?
-30
Let l(c) = 44*c**2 + 382*c - 92. Give l(-9).
34
Let y(m) = 1296*m - 34753. Calculate y(27).
239
Let s(f) = -f**2 + 65492*f - 3075907. What is s(47)?
8
Let b(z) = 6*z**2 - 8193*z + 379427. What is b(48)?
-13
Let x(v) = -3*v**2 - 515*v - 18522. What is x(-118)?
476
Let r(q) = 1950*q + 11972. Determine r(-6).
272
Let h(w) = 5*w**2 + 2690*w - 333840. Determine h(-642).
0
Let c(h) = h**3 + 15*h**2 - 14*h - 83. Give c(8).
1277
Let c(s) = 4688*s - 46885. Calculate c(10).
-5
Let q(i) = 497*i**2 + 28339*i + 582. Calculate q(-57).
12
Let d(t) = 2*t**3 + 1181*t**2 - 1265*t - 398339. Determine d(-591).
-5
Let i(d) = -9594*d - 1132074. Calculate i(-118).
18
Let u(m) = m**3 + 59*m**2 + 523*m + 8354. Calculate u(-52).
86
Let f(o) = -17*o**2 + 31297*o - 156056. Calculate f(5).
4
Let t(o) = 86034*o - 6796674. Give t(79).
12
Let a(y) = -120363*y - 240766. Give a(-2).
-40
Let f(r) = 46*r**2 - 10*r + 107. Calculate f(2).
271
Let n(q) = 3*q**3 + 154*q**2 + 325*q + 6238. Determine n(-50).
-12
Let r(o) = 2*o**2 + 7709*o + 221872. Calculate r(-29).
-7
Let g(r) = 1569*r**2 - 123949*r + 70. Give g(79).
228
Let m(g) = -8*g**2 - 17*g + 367. Determine m(-8).
-9
Let w(u) = -388*u + 26013. Determine w(67).
17
Let q(w) = -3*w**3 - 673*w**2 + 12050*w - 13. Calculate q(-241).
-13
Let m(q) = q**3 + 49*q**2 - 288*q - 10. What is m(-54)?
962
Let b(g) = -g**3 + 8*g**2 - 21698*g - 152619. Give b(-7).
2
Let v(w) = -24*w**2 - 525*w - 760. What is v(-19)?
551
Let a(o) = -4711*o - 4380. What is a(-1)?
331
Let z(r) = -1316*r - 11684. Determine z(-7).
-2472
Let t(f) = -499627*f + 2498155. Give t(5).
20
Let p(n) = -56*n**2 + 190*n - 182. What is p(2)?
-26
Let o(a) = 3*a**3 - 48*a**2 - 719*a - 33. Determine o(-12).
-3501
Let u(m) = -51*m**3 - 3*m**2 - 45*m - 91. Determine u(-3).
1394
Let n(v) = -371*v**2 - 36*v + 35. Give n(0).
35
Let v(l) = 2*l**3 - 42*l**2 + 108*l - 17. Give v(18).
-17
Let z(m) = 12842*m + 25822. What is z(-2)?
138
Let x(i) = -3981*i + 1735717. Calculate x(436).
1
Let x(p) = -541*p + 10260. Determine x(18).
522
Let a(j) = 87230*j - 4797658. Calculate a(55).
-8
Let t(g) = -1095*g + 13496. Calculate t(7).
5831
Let h(x) = -48*x**2 - 4255*x + 10275. What is h(-91)?
-8
Let r(g) = -48*g - 2091. Calculate r(-45).
69
Let z(b) = 2*b**2 + 7*b - 17. What is z(7)?
130
Let l(x) = x**3 + 76*x**2 + 44*x - 43612. Give l(-65).
3
Let t(p) = -12*p**2 - 3953*p + 3953. What is t(1)?
-12
Let k(q) = -7*q**2 - 392*q + 263. Give k(-56).
263
Let b(r) = 58*r + 10252. What is b(-180)?
-188
Let z(d) = 360115*d - 720205. Give z(2).
25
Let a(g) = 3*g**3 - 67*g**2 - 9*g + 3. Determine a(0).
3
Let q(r) = -17129*r - 16600. Give q(-1).
529
Let x(w) = 40*w**2 + 15166*w + 2226. Give x(-379).
-48
Let f(z) = z**3 - 41*z**2 - 122*z + 4922. Calculate f(41).
-80
Let b(w) = -3473*w - 427043. Calculate b(-123).
136
Let b(t) = 6*t**2 - 47*t + 112. Give b(19).
1385
Let d(g) = -2260*g - 1699. Determine d(-1).
561
Let f(c) = -c**3 + 5925*c**2 + 23715*c + 13. Determine f(-4).
17
Let t(c) = 2442*c - 46172. Determine t(19).
226
Let f(q) = 38483*q - 192436. Give f(5).
-21
Let u(m) = -32896*m + 65868. Give u(2).
76
Let j(m) = 2*m**3 - 678*m**2 - 1442*m + 26600. What is j(341)?
2
Let w(d) = -1361595*d + 5. Determine w(0).
5
Let m(n) = -n**3 - 91*n**2 - 524*n - 303. Determine m(-5).
167
Let n(s) = -30*s**2 + 5849*s + 188. Calculate n(195).
-7
Let x(p) = 1126*p**2 + 6085*p - 12583. What is x(-7)?
-4
Let p(x) = -x**3 + 75*x**2 - 88*x + 123. Give p(74).
-913
Let u(g) = -5*g**3 - 34*g**2 + 1464*g - 4105. What is u(3)?
-154
Let q(b) = 45*b**2 + 1886*b - 26195. Determine q(11).
-4
Let t(h) = h**2 - 4805*h - 62642. Calculate t(-13).
-8
Let t(z) = 56*z**3 - 566*z**2 + 58*z + 38. Calculate t(10).
18
Let l(k) = 30*k**3 - 908*k**2 - 1824*k - 5. Give l(-2).
-229
Let z(v) = -68331*v - 341655. What is z(-5)?
0
Let m(b) = -249*b - 7444. Give m(-29).
-223
Let u(f) = 30*f - 2065. What is u(23)?
-1375
Let z(f) = 67109*f + 469895. What is z(-7)?
132
Let f(z) = -5560*z + 150968. Determine f(27).
848
Let z(f) = 43*f**2 - 4428*f - 386. What is z(103)?
-283
Let v(b) = -5542*b + 5526. Calculate v(1).
-16
Let o(p) = 278*p**2 - 9701*p - 63. Calculate o(35).
952
Let h(u) = 2605*u - 57277. Calculate h(22).
33
Let r(w) = 2078*w + 16646. Give r(-8).
22
Let s(x) = -x**3 + 1015*x**2 + 5030*x - 8. Determine s(-5).
342
Let u(c) = -4*c**2 + 1047*c - 13941. Calculate u(14).
-67
Let p(f) = 6*f**2 - 95*f + 111. Give p(17).
230
Let k(o) = o**2 + 177*o + 7570. Calculate k(-65).
290
Let q(a) = -207*a + 50209. Determine q(235).
1564
Let a(o) = -17*o**2 + 1074*o + 5553. Calculate a(-5).
-242
Let z(n) = -8189*n + 41157. Calculate z(5).
212
Let n(f) = -3*f**2 - 8876*f - 53152. Determine n(-6).
-4
Let m(p) = p**3 + 481*p**2 - 18065*p + 182. What is m(35)?
7
Let n(a) = -12007*a - 192112. What is n(-16)?
0
Let w(u) = 497*u**2 - 91*u - 133. What is w(-2)?
2037
Let h(d) = -22*d**2 - 155*d + 390. What is h(-9)?
3
Let f(t) = -212*t - 81827. Give f(-388).
429
Let d(m) = 10*m**3 - 3*m**2 + 19*m + 68. Determine d(-4).
-696
Let n(x) = 22*x**3 - 49*x**2 - 252*x + 301. Determine n(1).
22
Let l(x) = 22916*x - 252059. Give l(11).
17
Let x(l) = -5*l**3 - 265*l**2 - 977*l + 150. Calculate x(-49).
3
Let f(w) = 6665*w - 366568. What is f(55)?
7
Let i(c) = -1668*c**2 + 28333*c + 12. Calculate i(17).
-379
Let l(x) = -x**3 - 137*x**2 - 4093*x - 44. Calculate l(-44).
0
Let q(a) = a**3 + 222*a**2 + 184*a - 8183. Determine q(-221).
-6
Let s(j) = 220*j - 36806. Give s(168).
154
Let z(d) = 459*d**3 + 3676*d**2 + 29*d - 22. What is z(-8)?
2
Let d(h) = -h**3 - 22*h**2 - 400*h - 4406. Give d(-15).
19
Let m(t) = -3652*t + 507616. Give m(139).
-12
Let r(x) = -6*x**2 + 4011*x - 96498. Give r(25).
27
Let z(v) = -v**3 - 23*v**2 + 2188*v + 53457. Calculate z(-25).
7
Let d(t) = 5*t**3 - 2174*t - 4350. Give d(-2).
-42
Let i(z) = z**2 + 2844*z - 386614. Give i(130).
6
Let q(f) = 40826*f - 244907. Calculate q(6).
49
Let y(u) = -1231*u - 25857. Give y(-21).
-6
Let a(c) = -13*c**3 - 90*c**2 - 150*c - 16. What is a(-4)?
-24
Let m(h) = -2*h**3 + 8*h**2 + 1963*h - 9768. Calculate m(5).
-3
Let p(x) = -x**3 + 47*x**2 - 329*x - 515. Give p(38).
-21
Let u(b) = -6348*b - 2755032. Calculate u(-434).
0
Let m(o) = 1517*o + 6869. Determine m(-6).
-2233
Let m(j) = 114*j + 76604. Calculate m(-672).
-4
Let f(y) = y**2 - 19629*y - 7950355. Calculate f(-397).
-33
Let k(w) = 312*w + 46111. What is k(-146)?
559
Let j(q) = -3*q**2 - 360*q + 963. What is j(-122)?
231
Let p(f) = 1919*f + 554655. What is p(-289)?
64
Let p(z) = 505*z - 1905. Give p(-1).
-2410
Let z(o) = 104*o**2 - 39709*o - 7254. Determine z(382).
4
Let h(f) = -f**3 - 33*f**2 - 631*f - 5750. What is h(-16)?
-6
Let f(h) = 669*h**3 - 1996*h**2 - 6*h - 22. What is f(3)?
59
Let y(c) = 10*c**2 - 490*c + 519. What is y(48)?
39
Let v(w) = -w**2 + 243*w + 14000. Give v(291).
32
Let s(g) = -3436*g + 917407. Give s(267).
-5
Let q(t) = -8*t**3 - 3*t**2 - 14*t - 49. What is q(-3)?
182
Let i(l) = 424*l + 17397. Determine i(-41).
13
Let f(t) = -116*t - 58109. Calculate f(-501).
7
Let j(l) = -6557*l + 3511. Calculate j(1).
-3046
Let q(v) = 229*v + 59314. Determine q(-259).
3
Let y(l) = 5*l**3 - 939*l**2 + 764*l - 2976. Determine y(187).
16
Let m(l) = -1050603*l - 6303660. Calculate m(-6).
-42
Let g(p) = -p**3 - 109*p**2 - 630*p - 1231. Determine g(-103).
5
Let j(x) = 1289*x + 7805. What is j(-6)?
71
Let n(c) = -19009*c - 1539710. Determine n(-81).
19
Let m(j) = j**3 + 250*j**2 - 1017*j + 290. Give m(-254).
544
Let i(u) = 213*u - 29328. What is i(137)?
-147
Let q(c) = -c**3 + 94*c**2 + 2971*c - 145. Calculate q(